 - r = -227. What is the tens digit of y?
6
Let c(g) = -g**3 - 5*g**2 - 2*g - 7. Let m be c(-5). Let b(p) = -484 + 491 + 15*p**3 + 4*p - 13*p**3 - 3*p - p**2. What is the tens digit of b(m)?
5
Let d = -1544 - -2274. What is the hundreds digit of d?
7
Suppose 5*j - 5 = 5*u, 2*u + u + 3*j = 21. Let c(n) = -17*n - 15. Let x(s) = -35*s - 31. Let z(i) = -13*c(i) + 6*x(i). What is the tens digit of z(u)?
4
Suppose 2*m - 24 = -m - 3*t, 4*m + 8 = 4*t. Suppose 3*o = -m + 57. What is the units digit of o?
8
Let r(s) = -6*s**3 - 3*s**2 - 2*s. Let i be r(-1). What is the units digit of -1 - -1*i - (3 - 6)?
7
Let f = 10 - 10. Suppose -3*q + 38 + 61 = f. Let y = 56 - q. What is the units digit of y?
3
Let g = -811 + 1705. Suppose 5*y = -139 + g. What is the units digit of y?
1
Let f = -7 - -13. Let w(h) = 5*h**2 - 4*h - 10. Let j(x) = -x**2 + 1. Let q(g) = 4*j(g) + w(g). What is the units digit of q(f)?
6
Let n(s) = s**2 + s + 56. Let o be n(0). Suppose -2*x + o = -38. Let k = -19 + x. What is the tens digit of k?
2
Let d = -43 - -48. Suppose -l = d*v - 1128, -2*l = v + 3*v - 900. What is the units digit of v?
6
Suppose -5*m + 8 = -12. Suppose 696 = -8*s + m*s. Let g = -121 - s. What is the tens digit of g?
5
Suppose 43 = 2*v - 329. Let j = v + -131. What is the units digit of j?
5
What is the tens digit of 3/(-5 + 128/25)?
2
Suppose 5*q = 2*d + 21, -d - 7 = -2*q + 1. Suppose -50 = -d*t + 28. What is the tens digit of t?
3
Suppose 0 = v - 1, 4*b - 249*v - 12412 = -253*v. What is the hundreds digit of b?
1
Suppose 2*v + a - 15 = -2*v, -v + a = 0. Suppose 8*m - 105 = v*m. Let l = m + -2. What is the tens digit of l?
1
Let v be (1/(-2))/(4/(-40)). Suppose 4*d - 5*s = 9, -v*d - 3*s = -6*s - 21. What is the units digit of d?
6
Let f(q) = -18 + 35 - 8 + 154*q. What is the units digit of f(1)?
3
Let c(x) = 11*x**2 - 2*x + 10. What is the tens digit of c(8)?
9
Suppose 7 = -3*n - 2*l, 11 = -0*n - 2*n + 5*l. Let f(g) = 2*g**2 - 4*g + 7. What is the units digit of f(n)?
7
What is the hundreds digit of 7 + 6 + -6 + 533?
5
Let g(l) = 25*l**3 - 7*l**2 + 9*l + 3. What is the units digit of g(4)?
7
Let p = 107 + -59. Let m = p - -2. What is the tens digit of m?
5
Let r = -44 - -72. What is the units digit of (r - -1) + (-2)/1?
7
Let h(k) be the third derivative of -5*k**2 - 1/120*k**6 - 1/2*k**3 + 0*k**5 + 0*k + 5/24*k**4 + 0. What is the units digit of h(-3)?
9
Let d(o) be the second derivative of o**3/6 + 28*o**2 + 7*o. What is the units digit of d(0)?
6
Let q = 2486 + -1638. What is the tens digit of q?
4
Suppose -47*n + 740 = -52*n. Let j = n - -282. What is the tens digit of j?
3
Suppose 3537 = h - 4*k, 2*h + 8*k = 6*k + 7104. What is the units digit of h?
9
Let q = 1171 + -701. What is the units digit of q?
0
Let t(h) = 11*h**2 + 87*h + 3. What is the units digit of t(-8)?
1
Suppose -15*o = -8*o - 1890. What is the hundreds digit of o?
2
What is the hundreds digit of ((-69)/(-92))/((-2)/(-5008)) - 2?
8
Suppose 2*p + 3*p - 115 = 0. Let q = 28 - p. Suppose -3*l + 125 = 4*d, 160 = q*l - l + 4*d. What is the tens digit of l?
3
What is the tens digit of (-615)/(-1) + (-6)/((-4)/(-2))?
1
Suppose 9*x + 18 = -18. What is the units digit of 1/(4461/(-558) - x - -4)?
6
Let o = 31 - 26. Suppose -o*w + 4*w + 28 = 2*b, -64 = -4*w + 4*b. What is the units digit of w?
0
Suppose 12 = 4*a + 2*a. What is the units digit of a?
2
Suppose 5*w = 5*x - 145, x = -4*w + 6 + 43. Suppose 5*i - x = -3*l, 3*l + 21 = 7*l - i. What is the units digit of l?
6
Let c = -28 - -44. Let b = 14 + c. What is the tens digit of b?
3
Let k(v) = -v + 11. Let j be k(-14). Suppose -3*q = 2*q - j. Suppose s + q = 2*s. What is the units digit of s?
5
Suppose h - 846 = -2*l, 4258 = 4*h + h + 3*l. What is the tens digit of h?
5
Let s(y) = -y**2 + 17*y + 22. Let b be s(18). Suppose 0 = -b*f + 1007 - 91. What is the units digit of f?
9
Let x be 1/2*4 - -16. Let s(z) = 6*z + 27. What is the units digit of s(x)?
5
Suppose 18 = -5*j + j + 2*c, -c = j. Let x = 23 + j. Suppose 0 = 6*u - 2*u - x. What is the units digit of u?
5
Suppose 0 = z + 2*z - p - 13, 2*z - 26 = 5*p. Suppose -3*v = -3 - z. Suppose 9 = -x + 4*a, -5*a + 32 = v*x + 11. What is the units digit of x?
3
Suppose 0 = u + 4*u - 460. What is the units digit of u?
2
Suppose 13*y - 14*y + 7782 = 0. Let z = y + -5422. What is the units digit of (1/(-2))/((-20)/z)?
9
Suppose 0 = 108*b - 151*b + 122163. What is the tens digit of b?
4
Let p be 2/1*-2 + -213. Let q = -127 - p. What is the tens digit of q?
9
Let c be (-275)/(-44) + 2/(-8). Let k = c - 41. Let f = 59 + k. What is the units digit of f?
4
Let l(i) = -i**3 + 8*i**2 - 7*i + 11. Let w be l(7). Suppose 76 = -10*z + w*z. What is the tens digit of z?
7
Suppose -3*z - 3*b - 63 = 0, -5*z = 2*b - 3 + 111. Let w = -12 - z. Suppose -3*l = -2*l - w. What is the units digit of l?
0
Suppose 0 = x - 3*n - 141, -5*n = -7*x + 5*x + 277. What is the hundreds digit of x?
1
Let a = -15 - -15. Suppose 4*c - 2*c - 128 = a. What is the tens digit of c?
6
Suppose 6989 = 13*j - 6245. What is the thousands digit of j?
1
Let c = 1 - -3. Suppose 2*a - 8 = 4. Suppose -a*v - c = -8*v. What is the units digit of v?
2
Suppose 2*p + 2455 = 4*p - 3*w, p - 1210 = -2*w. What is the tens digit of p?
2
What is the units digit of -9*(1 - 0) - -1507?
8
Suppose m + 3 = 7. What is the tens digit of (-16)/((-2)/4 - 2/m)?
1
Let h be 24030/75 - (-2)/(-5). Suppose -12*o + h = -10*o. What is the tens digit of o?
6
Suppose -1249 = 15*q - 17179. What is the tens digit of q?
6
Let n(c) be the first derivative of c**5/30 - c**4/6 + c**3/6 - 5*c**2/2 + 4. Let u(d) be the second derivative of n(d). What is the tens digit of u(-3)?
3
Let a(v) = -3*v**3 + 104*v**2 + 35*v + 48. What is the tens digit of a(35)?
4
Let x be 12/3 - (-3 + 3). Suppose 2*g = -4*p + 1336 - 204, -4*p + 1120 = -x*g. What is the tens digit of p?
8
Let d(o) = 94*o + 122. What is the hundreds digit of d(9)?
9
What is the units digit of (-360)/90*(2 + -4 - 256)?
2
Let z(s) = 53*s**3 - 9*s**2 + 9*s + 6. What is the tens digit of z(2)?
1
Let b(d) = -7*d**2 - 7. Let z(t) = 15*t**2 + t + 13. Let w(m) = -9*b(m) - 4*z(m). What is the units digit of w(5)?
6
Suppose 3*a - 259 = 6*a - p, -2*p = -5*a - 431. Let c = -54 - a. What is the units digit of c?
3
Suppose 3*c - 2*c = 3*c. Suppose s - 92 = -2*v, c = -s - 4*v + 40 + 52. What is the tens digit of s?
9
Suppose -10*n = -12*n + 4. Let j be n*(-2 - -3) - -2. Suppose j*u + 4*z = 44, 5 = -7*z + 2*z. What is the units digit of u?
2
Let s = 2 - 6. Let z(k) = -2*k - 4. Let l be z(s). Let u(y) = 2*y - 4. What is the units digit of u(l)?
4
Let r(b) = -2*b + 12. Let t be r(5). Suppose -4*f - 4*x + 344 = 0, 172 = 2*f + t*x - x. Suppose 36 + f = 2*y. What is the tens digit of y?
6
Suppose 6652 + 7254 = 17*j. What is the hundreds digit of j?
8
Let y(k) = k**3 - 30 - 10*k**2 - 1 - k**2 - 2*k**3 - 2*k. What is the units digit of y(-12)?
7
Suppose 3*o - 9*v + 11*v - 2773 = 0, 5*o - 4585 = 4*v. What is the hundreds digit of o?
9
Let y be (2/4*258)/((-4)/12). Let t = -269 - y. What is the hundreds digit of t?
1
Let j be (-568)/(-22) - 14/(-77). Suppose 2*i + 102 - j = 0. Let b = 69 + i. What is the tens digit of b?
3
Suppose 0*s - 4*s = s. What is the tens digit of (-8 - (-3 + s)) + 159?
5
Let g(n) = n**3 + 6*n**2 + 3*n. Let h be g(-4). Let t = -136 - -152. Let a = h - t. What is the units digit of a?
4
Suppose 2*q - 5*s - 468 = -9*s, 234 = q + 5*s. What is the hundreds digit of q?
2
Suppose 5*o + 30672 = 32*o. What is the units digit of o?
6
Let t(a) = 26*a**2 + 20*a + 76. What is the hundreds digit of t(-6)?
8
Let j(d) = 14*d - 2. Let i(a) = -2 - 1 + 8 - 28*a. Let g(r) = 3*i(r) + 7*j(r). What is the units digit of g(1)?
5
Let t(o) = -25*o + 41. Let q be t(-13). Suppose k - 3*d = 102, -4*k = d + d - q. What is the tens digit of k?
9
Let g(m) = -3*m + 6. Let u(z) = -4*z + 7. Let j(t) = 3*g(t) - 2*u(t). What is the units digit of j(-2)?
6
Suppose 5*a - 709 = -5*y + 631, -a + 280 = 4*y. What is the tens digit of a?
6
Suppose 0*v - 84 = -4*v. Let u be ((-2)/(-6))/(1/v). Let t(l) = l**2 - 4*l - 2. What is the units digit of t(u)?
9
Suppose 37*s = 15*s + 6600. What is the hundreds digit of s?
3
Let y = 54 + -51. Suppose 6*g - 237 = y*g. What is the units digit of 